{"id":91,"date":"2024-01-30T11:41:57","date_gmt":"2024-01-30T10:41:57","guid":{"rendered":"http:\/\/www.cityreno.fr\/?page_id=91"},"modified":"2024-01-30T12:05:18","modified_gmt":"2024-01-30T11:05:18","slug":"mentions-legales","status":"publish","type":"page","link":"https:\/\/www.cityreno.fr\/index.php\/mentions-legales\/","title":{"rendered":"MENTIONS L\u00c9GALES"},"content":{"rendered":"\t\t<div data-elementor-type=\"wp-page\" data-elementor-id=\"91\" class=\"elementor elementor-91\">\n\t\t\t\t<div class=\"elementor-element elementor-element-bd4c8f1 e-flex e-con-boxed e-con e-parent\" data-id=\"bd4c8f1\" data-element_type=\"container\" data-settings=\"{&quot;_ha_eqh_enable&quot;:false}\" data-core-v316-plus=\"true\">\n\t\t\t\t\t<div class=\"e-con-inner\">\n\t\t\t\t<div class=\"elementor-element elementor-element-0ea9d4a elementor-widget elementor-widget-heading\" data-id=\"0ea9d4a\" data-element_type=\"widget\" data-widget_type=\"heading.default\">\n\t\t\t\t<div class=\"elementor-widget-container\">\n\t\t\t<style>\/*! elementor - v3.20.0 - 26-03-2024 *\/\n.elementor-heading-title{padding:0;margin:0;line-height:1}.elementor-widget-heading .elementor-heading-title[class*=elementor-size-]>a{color:inherit;font-size:inherit;line-height:inherit}.elementor-widget-heading .elementor-heading-title.elementor-size-small{font-size:15px}.elementor-widget-heading .elementor-heading-title.elementor-size-medium{font-size:19px}.elementor-widget-heading .elementor-heading-title.elementor-size-large{font-size:29px}.elementor-widget-heading .elementor-heading-title.elementor-size-xl{font-size:39px}.elementor-widget-heading .elementor-heading-title.elementor-size-xxl{font-size:59px}<\/style><h2 class=\"elementor-heading-title elementor-size-default\">MENTIONS L\u00c9GALES<\/h2>\t\t<\/div>\n\t\t\t\t<\/div>\n\t\t\t\t<div class=\"elementor-element elementor-element-b8cc931 elementor-widget elementor-widget-text-editor\" data-id=\"b8cc931\" data-element_type=\"widget\" data-widget_type=\"text-editor.default\">\n\t\t\t\t<div class=\"elementor-widget-container\">\n\t\t\t<style>\/*! elementor - v3.20.0 - 26-03-2024 *\/\n.elementor-widget-text-editor.elementor-drop-cap-view-stacked .elementor-drop-cap{background-color:#69727d;color:#fff}.elementor-widget-text-editor.elementor-drop-cap-view-framed .elementor-drop-cap{color:#69727d;border:3px solid;background-color:transparent}.elementor-widget-text-editor:not(.elementor-drop-cap-view-default) .elementor-drop-cap{margin-top:8px}.elementor-widget-text-editor:not(.elementor-drop-cap-view-default) .elementor-drop-cap-letter{width:1em;height:1em}.elementor-widget-text-editor .elementor-drop-cap{float:left;text-align:center;line-height:1;font-size:50px}.elementor-widget-text-editor .elementor-drop-cap-letter{display:inline-block}<\/style>\t\t\t\t<div class=\"elementor-element elementor-element-f0e98b3 elementor-widget elementor-widget-heading\" data-id=\"f0e98b3\" data-element_type=\"widget\" data-widget_type=\"heading.default\"><div class=\"elementor-widget-container\"><b>Editeur du site :<\/b><\/div><\/div><div class=\"elementor-element elementor-element-a5786ee elementor-widget elementor-widget-text-editor\" data-id=\"a5786ee\" data-element_type=\"widget\" data-widget_type=\"text-editor.default\"><div class=\"elementor-widget-container\"><p>Le site <a href=\"https:\/\/www.cityreno.fr\">www.cityreno<u>.fr<\/u><\/a>\u00a0est \u00e9dit\u00e9 par Adama Marie Gineste:<\/p><p>8 rue des Carignans<br \/>66240 Saint Est\u00e9ve SIRET : 51183790800041<\/p><p><b>Cr\u00e9ation du site :<\/b><\/p><p>Ce site a \u00e9t\u00e9 design\u00e9 par\u00a0<a href=\"http:\/\/www.agineste-consulting.fr\/\">Adama Marie Gineste<\/a>\u00a0et r\u00e9alis\u00e9 par A.GINESTE-CONSULTING.<\/p><p><b>H\u00e9bergeur du site :<\/b><\/p><p>Le site <a href=\"https:\/\/www.cityreno.fr\">www.cityreno<u>.fr<\/u><\/a> est h\u00e9berg\u00e9 par OVH.<\/p><h3 class=\"\" data-fontsize=\"24\" data-lineheight=\"33.6px\">OVH<\/h3><p>SAS au capital de 10 069 020 \u20ac RCS Lille M\u00e9tropole 424 761 419 00045 Code APE 2620Z N\u00b0 TVA : FR 22 424 761 419 Si\u00e8ge social : 2 rue Kellermann \u2013 59100 Roubaix \u2013 France<\/p><p><b>Cookies :<\/b><\/p><p>Des cookies peuvent \u00eatre d\u00e9pos\u00e9s sur votre ordinateur afin d\u2019am\u00e9liorer et de personnaliser la navigation. Il est possible de refuser ces cookies en param\u00e9trant votre navigateur. Pour en savoir plus sur le fonctionnement des cookies, vous pouvez lire la page d\u00e9di\u00e9e sur le site de la CNIL :\u00a0<a href=\"https:\/\/www.cnil.fr\/fr\/cookies-traceurs-que-dit-la-loi\">cliquez ici<\/a>.<\/p><\/div><\/div>\t\t\t\t\t\t<\/div>\n\t\t\t\t<\/div>\n\t\t\t\t\t<\/div>\n\t\t\t\t<\/div>\n\t\t\t\t<\/div>\n\t\t","protected":false},"excerpt":{"rendered":"<p>MENTIONS L\u00c9GALES Editeur du site : Le site www.cityreno.fr\u00a0est \u00e9dit\u00e9 par Adama Marie Gineste: 8 rue des Carignans66240 Saint Est\u00e9ve SIRET : 51183790800041 Cr\u00e9ation du site : Ce site a \u00e9t\u00e9 design\u00e9 par\u00a0Adama Marie Gineste\u00a0et r\u00e9alis\u00e9 par A.GINESTE-CONSULTING. H\u00e9bergeur du site : Le site www.cityreno.fr est h\u00e9berg\u00e9 par OVH. OVH SAS au capital de 10 [&hellip;]<\/p>\n","protected":false},"author":1,"featured_media":0,"parent":0,"menu_order":0,"comment_status":"closed","ping_status":"closed","template":"elementor_header_footer","meta":{"footnotes":""},"class_list":["post-91","page","type-page","status-publish","hentry"],"yoast_head":"<!-- This site is optimized with the Yoast SEO plugin v22.3 - https:\/\/yoast.com\/wordpress\/plugins\/seo\/ -->\n<title>MENTIONS L\u00c9GALES - City R\u00e9no<\/title>\n<meta name=\"robots\" content=\"index, follow, max-snippet:-1, max-image-preview:large, max-video-preview:-1\" \/>\n<link rel=\"canonical\" href=\"https:\/\/www.cityreno.fr\/index.php\/mentions-legales\/\" \/>\n<meta property=\"og:locale\" content=\"fr_FR\" \/>\n<meta property=\"og:type\" content=\"article\" \/>\n<meta property=\"og:title\" content=\"MENTIONS L\u00c9GALES - City R\u00e9no\" \/>\n<meta property=\"og:description\" content=\"MENTIONS L\u00c9GALES Editeur du site : Le site www.cityreno.fr\u00a0est \u00e9dit\u00e9 par Adama Marie Gineste: 8 rue des Carignans66240 Saint Est\u00e9ve SIRET : 51183790800041 Cr\u00e9ation du site : Ce site a \u00e9t\u00e9 design\u00e9 par\u00a0Adama Marie Gineste\u00a0et r\u00e9alis\u00e9 par A.GINESTE-CONSULTING. H\u00e9bergeur du site : Le site www.cityreno.fr est h\u00e9berg\u00e9 par OVH. OVH SAS au capital de 10 [&hellip;]\" \/>\n<meta property=\"og:url\" content=\"https:\/\/www.cityreno.fr\/index.php\/mentions-legales\/\" \/>\n<meta property=\"og:site_name\" content=\"City R\u00e9no\" \/>\n<meta property=\"article:modified_time\" content=\"2024-01-30T11:05:18+00:00\" \/>\n<meta name=\"twitter:card\" content=\"summary_large_image\" \/>\n<meta name=\"twitter:label1\" content=\"Dur\u00e9e de lecture estim\u00e9e\" \/>\n\t<meta name=\"twitter:data1\" content=\"2 minutes\" \/>\n<script type=\"application\/ld+json\" class=\"yoast-schema-graph\">{\"@context\":\"https:\/\/schema.org\",\"@graph\":[{\"@type\":\"WebPage\",\"@id\":\"https:\/\/www.cityreno.fr\/index.php\/mentions-legales\/\",\"url\":\"https:\/\/www.cityreno.fr\/index.php\/mentions-legales\/\",\"name\":\"MENTIONS L\u00c9GALES - City R\u00e9no\",\"isPartOf\":{\"@id\":\"https:\/\/www.cityreno.fr\/#website\"},\"datePublished\":\"2024-01-30T10:41:57+00:00\",\"dateModified\":\"2024-01-30T11:05:18+00:00\",\"breadcrumb\":{\"@id\":\"https:\/\/www.cityreno.fr\/index.php\/mentions-legales\/#breadcrumb\"},\"inLanguage\":\"fr-FR\",\"potentialAction\":[{\"@type\":\"ReadAction\",\"target\":[\"https:\/\/www.cityreno.fr\/index.php\/mentions-legales\/\"]}]},{\"@type\":\"BreadcrumbList\",\"@id\":\"https:\/\/www.cityreno.fr\/index.php\/mentions-legales\/#breadcrumb\",\"itemListElement\":[{\"@type\":\"ListItem\",\"position\":1,\"name\":\"Accueil\",\"item\":\"https:\/\/www.cityreno.fr\/\"},{\"@type\":\"ListItem\",\"position\":2,\"name\":\"MENTIONS L\u00c9GALES\"}]},{\"@type\":\"WebSite\",\"@id\":\"https:\/\/www.cityreno.fr\/#website\",\"url\":\"https:\/\/www.cityreno.fr\/\",\"name\":\"City R\u00e9no\",\"description\":\"R\u00e9novation g\u00e9n\u00e9rale de l&#039;habitat\",\"publisher\":{\"@id\":\"https:\/\/www.cityreno.fr\/#organization\"},\"potentialAction\":[{\"@type\":\"SearchAction\",\"target\":{\"@type\":\"EntryPoint\",\"urlTemplate\":\"https:\/\/www.cityreno.fr\/?s={search_term_string}\"},\"query-input\":\"required name=search_term_string\"}],\"inLanguage\":\"fr-FR\"},{\"@type\":\"Organization\",\"@id\":\"https:\/\/www.cityreno.fr\/#organization\",\"name\":\"City R\u00e9no\",\"url\":\"https:\/\/www.cityreno.fr\/\",\"logo\":{\"@type\":\"ImageObject\",\"inLanguage\":\"fr-FR\",\"@id\":\"https:\/\/www.cityreno.fr\/#\/schema\/logo\/image\/\",\"url\":\"https:\/\/www.cityreno.fr\/wp-content\/uploads\/2024\/01\/City-Reno-Logo.png\",\"contentUrl\":\"https:\/\/www.cityreno.fr\/wp-content\/uploads\/2024\/01\/City-Reno-Logo.png\",\"width\":500,\"height\":500,\"caption\":\"City R\u00e9no\"},\"image\":{\"@id\":\"https:\/\/www.cityreno.fr\/#\/schema\/logo\/image\/\"}}]}<\/script>\n<!-- \/ Yoast SEO plugin. -->","yoast_head_json":{"title":"MENTIONS L\u00c9GALES - City R\u00e9no","robots":{"index":"index","follow":"follow","max-snippet":"max-snippet:-1","max-image-preview":"max-image-preview:large","max-video-preview":"max-video-preview:-1"},"canonical":"https:\/\/www.cityreno.fr\/index.php\/mentions-legales\/","og_locale":"fr_FR","og_type":"article","og_title":"MENTIONS L\u00c9GALES - City R\u00e9no","og_description":"MENTIONS L\u00c9GALES Editeur du site : Le site www.cityreno.fr\u00a0est \u00e9dit\u00e9 par Adama Marie Gineste: 8 rue des Carignans66240 Saint Est\u00e9ve SIRET : 51183790800041 Cr\u00e9ation du site : Ce site a \u00e9t\u00e9 design\u00e9 par\u00a0Adama Marie Gineste\u00a0et r\u00e9alis\u00e9 par A.GINESTE-CONSULTING. H\u00e9bergeur du site : Le site www.cityreno.fr est h\u00e9berg\u00e9 par OVH. OVH SAS au capital de 10 [&hellip;]","og_url":"https:\/\/www.cityreno.fr\/index.php\/mentions-legales\/","og_site_name":"City R\u00e9no","article_modified_time":"2024-01-30T11:05:18+00:00","twitter_card":"summary_large_image","twitter_misc":{"Dur\u00e9e de lecture estim\u00e9e":"2 minutes"},"schema":{"@context":"https:\/\/schema.org","@graph":[{"@type":"WebPage","@id":"https:\/\/www.cityreno.fr\/index.php\/mentions-legales\/","url":"https:\/\/www.cityreno.fr\/index.php\/mentions-legales\/","name":"MENTIONS L\u00c9GALES - City R\u00e9no","isPartOf":{"@id":"https:\/\/www.cityreno.fr\/#website"},"datePublished":"2024-01-30T10:41:57+00:00","dateModified":"2024-01-30T11:05:18+00:00","breadcrumb":{"@id":"https:\/\/www.cityreno.fr\/index.php\/mentions-legales\/#breadcrumb"},"inLanguage":"fr-FR","potentialAction":[{"@type":"ReadAction","target":["https:\/\/www.cityreno.fr\/index.php\/mentions-legales\/"]}]},{"@type":"BreadcrumbList","@id":"https:\/\/www.cityreno.fr\/index.php\/mentions-legales\/#breadcrumb","itemListElement":[{"@type":"ListItem","position":1,"name":"Accueil","item":"https:\/\/www.cityreno.fr\/"},{"@type":"ListItem","position":2,"name":"MENTIONS L\u00c9GALES"}]},{"@type":"WebSite","@id":"https:\/\/www.cityreno.fr\/#website","url":"https:\/\/www.cityreno.fr\/","name":"City R\u00e9no","description":"R\u00e9novation g\u00e9n\u00e9rale de l&#039;habitat","publisher":{"@id":"https:\/\/www.cityreno.fr\/#organization"},"potentialAction":[{"@type":"SearchAction","target":{"@type":"EntryPoint","urlTemplate":"https:\/\/www.cityreno.fr\/?s={search_term_string}"},"query-input":"required name=search_term_string"}],"inLanguage":"fr-FR"},{"@type":"Organization","@id":"https:\/\/www.cityreno.fr\/#organization","name":"City R\u00e9no","url":"https:\/\/www.cityreno.fr\/","logo":{"@type":"ImageObject","inLanguage":"fr-FR","@id":"https:\/\/www.cityreno.fr\/#\/schema\/logo\/image\/","url":"https:\/\/www.cityreno.fr\/wp-content\/uploads\/2024\/01\/City-Reno-Logo.png","contentUrl":"https:\/\/www.cityreno.fr\/wp-content\/uploads\/2024\/01\/City-Reno-Logo.png","width":500,"height":500,"caption":"City R\u00e9no"},"image":{"@id":"https:\/\/www.cityreno.fr\/#\/schema\/logo\/image\/"}}]}},"_links":{"self":[{"href":"https:\/\/www.cityreno.fr\/index.php\/wp-json\/wp\/v2\/pages\/91","targetHints":{"allow":["GET"]}}],"collection":[{"href":"https:\/\/www.cityreno.fr\/index.php\/wp-json\/wp\/v2\/pages"}],"about":[{"href":"https:\/\/www.cityreno.fr\/index.php\/wp-json\/wp\/v2\/types\/page"}],"author":[{"embeddable":true,"href":"https:\/\/www.cityreno.fr\/index.php\/wp-json\/wp\/v2\/users\/1"}],"replies":[{"embeddable":true,"href":"https:\/\/www.cityreno.fr\/index.php\/wp-json\/wp\/v2\/comments?post=91"}],"version-history":[{"count":16,"href":"https:\/\/www.cityreno.fr\/index.php\/wp-json\/wp\/v2\/pages\/91\/revisions"}],"predecessor-version":[{"id":136,"href":"https:\/\/www.cityreno.fr\/index.php\/wp-json\/wp\/v2\/pages\/91\/revisions\/136"}],"wp:attachment":[{"href":"https:\/\/www.cityreno.fr\/index.php\/wp-json\/wp\/v2\/media?parent=91"}],"curies":[{"name":"wp","href":"https:\/\/api.w.org\/{rel}","templated":true}]}}